 Suppose -13*h + 1329 = t. List the prime factors of h.
7, 11
Suppose 13 = 4*h + 5, -4*h = 3*c - 14. Suppose c*v - 21 = -v. Suppose -5*p - 166 = -v*p. List the prime factors of p.
83
Suppose -2*f + 1134 = 7*f. Let g be (f/10)/(5/75*3). Let q = 123 - g. What are the prime factors of q?
2, 3, 5
Suppose -n = o + 1, -n - 15 = -6*n - o. List the prime factors of ((-146)/4)/(n/(-72)).
3, 73
Suppose 17*d - 12*d + 19*d = 0. Suppose 5*y - 2*y = v - 129, d = 2*v + 4*y - 288. What are the prime factors of v?
2, 3, 23
Let h(j) = -230*j - 1024. List the prime factors of h(-60).
2, 1597
Let k = 783 + -777. Let f be 4/14 - 24/(-14). Suppose -c = -k*g + 3*g + 220, -f*g + 142 = -3*c. List the prime factors of g.
2, 37
Suppose 2*q - 52 = 5*n - 233, 5*n - 172 = -q. Suppose s = -4*u + 606, -s + 536 = -3*u - n. List the prime factors of s.
2, 293
Let v(a) = -a**3 + 5*a**2 + 7*a - 1. Suppose -3*r + 0*m - 2*m + 22 = 0, 3*m + 24 = 5*r. Let n be v(r). Suppose n*c = -50 + 570. List the prime factors of c.
2, 13
Let h be ((-29)/29)/((-2)/(-596)*-1). Suppose -7*j + 8*j = -4*f + 401, 2*j + h = 3*f. List the prime factors of f.
2, 5
Let t(d) = -d**3 - 6*d**2 - 7*d - 6. Let w be t(5). Let i = w - -765. Let h = -292 + i. What are the prime factors of h?
157
Let v = 54 + -69. Let d = -10 - v. Suppose -d*k = 4*c - 84, 3*k - 25 - 15 = -5*c. What are the prime factors of k?
2, 5
Let k = 72364 - 35057. List the prime factors of k.
37307
Let h(u) = 9*u**2 + 17 + 12 - 9*u - 22*u**2 - 11 + 4*u**2 - 4*u**3. List the prime factors of h(-6).
2, 3, 17
Let s(h) = -h**3 - 5*h**2 + 2*h + 10. Suppose -5*x = -l - 3*l - 4, 0 = 5*l + 5*x + 50. Let n be s(l). Suppose 2*y - 466 = -n. List the prime factors of y.
2, 3
What are the prime factors of (-3)/30*-5*81546 - (-7 + 10)?
2, 3, 5, 151
Let x(r) = -495*r**3 + 11*r**2 + 22*r + 7. What are the prime factors of x(-3)?
5, 7, 383
Suppose 0 = -7*i - i + 1048. Suppose 0 = i*c - 134*c + 1122. What are the prime factors of c?
2, 11, 17
Let w be 2/(-9) - (-1820)/90. Let j = w - 15. Suppose -29 = -j*z - 9. What are the prime factors of z?
2
Let a(z) = -6*z - 14. Let c(i) = i**3 - 4*i**2 - 2*i - 3. Let k(g) = 4*g**2 - g - 1. Let h be k(-1). Let y be c(h). List the prime factors of a(y).
2, 13
Suppose 5*k - 35 = -2*k. Suppose 0 = -0*v + 2*v + 4*n - 410, 995 = 5*v - k*n. Let l = -99 + v. What are the prime factors of l?
2, 3, 17
Let i be 6*(-21)/18*2/14. Suppose 14 - 3 = -2*f - s, 3*s + 24 = -3*f. List the prime factors of 4/(f/9*i).
2, 3
What are the prime factors of (232/696)/(2/65514)?
61, 179
Let x(z) = 2*z**2 - 28*z - 10. Let d(r) = -6*r**2 + 84*r + 30. Let h(c) = 2*d(c) + 7*x(c). Let n be h(13). What are the prime factors of n/(-45) + 648/15 + -1?
43
Suppose 586 = d - 5*p, 2*d + 95*p - 96*p = 1163. What are the prime factors of d?
7, 83
Let f(b) = b**3 + 16*b**2 + 23*b - 1. Let j = 137 - 147. What are the prime factors of f(j)?
3, 41
Let y(d) = 6*d**2 + 2*d - 6. Let k be y(-4). List the prime factors of (10/(-2) - 3)*k/(-4).
2, 41
Suppose 296*z - 307*z + 150392 = 0. List the prime factors of z.
2, 1709
Let b = 130033 - 66037. List the prime factors of b.
2, 3, 5333
Let g be 69/(-184) + (-3274)/16. Let p = g - -277. What are the prime factors of p?
2, 3
Let r(h) = -258*h**3 + 4*h**2 + 121*h + 489. List the prime factors of r(-4).
3, 5527
Suppose 16*h + 3*p - 60078 = 18*h, -120178 = 4*h + 5*p. What are the prime factors of (-2)/(-8) - -9*h/(-216)?
2, 313
Suppose 4*t = -36 + 944. Let p = t - 83. Suppose 0*h + p = 6*h. What are the prime factors of h?
2, 3
Suppose x + 1510 = 2*v, -5*v - 128*x + 131*x = -3777. Let y = 1469 - v. List the prime factors of y.
2, 179
Suppose -13*m = -17748 - 42936. List the prime factors of m.
2, 3, 389
Let g(f) = f**3 - 46*f**2 + 6*f + 39. Let r be g(46). Let i = r - -187. What are the prime factors of i?
2, 251
Let c be 40/15 - (-3487)/3. Let l = -561 + c. List the prime factors of l.
2, 151
List the prime factors of (7 + 1)/((-7)/(-4830)).
2, 3, 5, 23
Suppose 42*t + 192*t - 19*t - 1105745 = 0. What are the prime factors of t?
37, 139
Suppose 4*z = 30 - 22. Suppose d + 27 = z. Let h = d + 105. What are the prime factors of h?
2, 5
Suppose -1 = 10*f - 31. Suppose -3*k + 4*c = -1324, f*c = -k - 0*c + 463. What are the prime factors of k?
2, 7
Let o(m) = -m**2 + 10*m + 11. Let h be o(8). Suppose 394 = 17*y - 422. Let d = y + h. List the prime factors of d.
3, 5
Let s(u) = u**2 - 32*u + 190. Let b be s(32). Let x be 0 + ((-32)/2)/1. Let w = b - x. What are the prime factors of w?
2, 103
Let s(b) = 580*b - 757. List the prime factors of s(29).
16063
Let x = 1446 - 818. Suppose -2*a + x = 6*z - 11*z, 8 = 4*z. List the prime factors of a.
11, 29
Let u = -10764 - -10859. Let i be 40/(-2)*(0 + -39). Suppose u*o - 91*o - i = 0. List the prime factors of o.
3, 5, 13
Let u = -32 - -41. Suppose -2*z + 15 = -3*q, -u = 3*z - 5*z - 3*q. Suppose 24 = z*c - 5*c. What are the prime factors of c?
2, 3
Suppose 5*b - 72464 = -261*o + 263*o, 0 = 4*b - 5*o - 57978. List the prime factors of b.
2, 3623
Let m(r) = -350*r - 34. List the prime factors of m(-139).
2, 59, 103
Let t be (-3 + 3)/(0 + -3 + 0). Suppose 3*u + 3*r = 1815, 4*u - 25*r + 22*r - 2413 = t. List the prime factors of u.
2, 151
Let y(z) = -z - 12. Let u be y(-14). Suppose 187 = u*q + 5*n, 101 = 4*q - 3*q + n. What are the prime factors of q?
2, 53
Let p = 10 - 38. Let l = 36 + p. Let m = 45 - l. What are the prime factors of m?
37
Let p = 118085 + -67354. What are the prime factors of p?
97, 523
Let a(j) = 21*j**2 - 32*j + 20. List the prime factors of a(11).
47
Let s(j) = 7*j**3 - 4*j**2 + 19*j + 24. List the prime factors of s(7).
2, 1181
What are the prime factors of -4078*122/(-305)*(-3)/(36/(-105))?
7, 2039
Let q = 424 + -107. Let b = 6671 - 6151. Let u = b - q. What are the prime factors of u?
7, 29
Let n(y) = 25*y**2 + 94*y + 1036. List the prime factors of n(-15).
59, 89
Let w(u) = 3219*u**2 + 593*u - 2354. List the prime factors of w(4).
2, 3, 31, 277
Let z(v) = -8*v + 33. Let x be z(5). Let k(d) = 11*d**2 - 6*d + 47. List the prime factors of k(x).
2, 157
Let t be 395796/(-138) + ((-12)/138)/(-1). Let m = -1329 - t. What are the prime factors of m?
3, 19
Let b be -9 - (49 - -5)/(-6). Suppose 4*s = p + 157 + 5216, b = -4*p - 4. What are the prime factors of s?
17, 79
Let g = -10151 + 14199. What are the prime factors of g?
2, 11, 23
Suppose -53*t + 51*t - 8 = 0. What are the prime factors of ((-11856)/32)/((-1)/t + -1)?
2, 13, 19
Suppose 348*p - 354*p + 18 = 0. Suppose -3*s + p = -2*s, 3*w - 2*s = 1818. What are the prime factors of w?
2, 19
Let u(b) = 15*b + 3. Let n be u(3). Suppose 2*d + 3*m = -700, 198 = -d - 4*m - 157. What are the prime factors of (-32)/n + 2/(-6)*d?
5, 23
Suppose -12*i + 13*i = 3. Suppose 0 = -4*b - 2*d - 26, 3*b - i*d - 3 = -0*b. List the prime factors of (b - 80/(-3))/(4/30).
2, 5, 17
Let p = -310 - -449. Let b = p + -1. What are the prime factors of b?
2, 3, 23
Suppose -8*n - 3*c + 231 = -4*n, 5*c = -15. Let z be ((-648)/n)/(1/(-20)). Suppose 3*x - z = -5*s, 3*s + 136 = 6*s + 5*x. List the prime factors of s.
2, 3, 7
Let v(a) = -a**2 + 26*a + 4. Let j be v(26). Let z be (-3)/(j + 38/(-8)). Suppose -803 = -5*d - 3*h, 2*h - 823 = -5*d + z*h. What are the prime factors of d?
163
Suppose 4*d = -5*g + 305580, -g - 8*d + 10*d = -61116. What are the prime factors of g?
2, 3, 11, 463
Let k = -11 + 11. Suppose 4*m = -3*i + 8, -m - 2*i + 2 = -k. Suppose -3*d + 317 = d - 3*j, 0 = -4*d + m*j + 314. What are the prime factors of d?
7, 11
Suppose -70*u - 49020 = -27*u. List the prime factors of (-7 - 1)/(10/u).
2, 3, 19
Suppose -5*r + 20 = 0, 5*r - 5 = 5*f - 10. Let w = -36 - -42. Suppose -f*b = -3*u + 338, -2*u + w*b - 4*b + 224 = 0. What are the prime factors of u?
3, 37
Let x(l) be the first derivative of -13*l**4/4 + 2*l**3 + 5*l**2 + l + 179. List the prime factors of x(-4).
7, 127
Suppose 272*h = -282*h + 578*h - 375888. List the prime factors of h.
2, 41, 191
Suppose 37 = -4*p - k - 10, p = -5*k - 7. List the prime factors of -9*10*-3*(-26)/p.
3, 5, 13
Let d(m) be the first derivative of 7*m**3/3 + 17*m**2/2 - 18*m + 45. List the prime factors of d(7).
2, 3, 37
Suppose 0 = -121*z + 125*z + 6076. Let u = z + 2553. What are the prime factors of u?
2, 11